[INFO] fetching crate soa-vec 0.5.0...
[INFO] checking soa-vec-0.5.0 against master#af3c6e733a40e671550e0f0f5aeecaa13772ba56 for pr-74989
[INFO] extracting crate soa-vec 0.5.0 into /workspace/builds/worker-1/source
[INFO] validating manifest of crates.io crate soa-vec 0.5.0 on toolchain af3c6e733a40e671550e0f0f5aeecaa13772ba56
[INFO] running `Command { std: "/workspace/cargo-home/bin/cargo" "+af3c6e733a40e671550e0f0f5aeecaa13772ba56" "read-manifest" "--manifest-path" "Cargo.toml", kill_on_drop: false }`
[INFO] started tweaking crates.io crate soa-vec 0.5.0
[INFO] finished tweaking crates.io crate soa-vec 0.5.0
[INFO] tweaked toml for crates.io crate soa-vec 0.5.0 written to /workspace/builds/worker-1/source/Cargo.toml
[INFO] running `Command { std: "/workspace/cargo-home/bin/cargo" "+af3c6e733a40e671550e0f0f5aeecaa13772ba56" "generate-lockfile" "--manifest-path" "Cargo.toml" "-Zno-index-update", kill_on_drop: false }`
[INFO] [stderr]     Blocking waiting for file lock on package cache
[INFO] running `Command { std: "/workspace/cargo-home/bin/cargo" "+af3c6e733a40e671550e0f0f5aeecaa13772ba56" "fetch" "--locked" "--manifest-path" "Cargo.toml", kill_on_drop: false }`
[INFO] running `Command { std: "docker" "create" "-v" "/var/lib/crater-agent-workspace/builds/worker-1/target:/opt/rustwide/target:rw,Z" "-v" "/var/lib/crater-agent-workspace/builds/worker-1/source:/opt/rustwide/workdir:ro,Z" "-v" "/var/lib/crater-agent-workspace/cargo-home:/opt/rustwide/cargo-home:ro,Z" "-v" "/var/lib/crater-agent-workspace/rustup-home:/opt/rustwide/rustup-home:ro,Z" "-e" "SOURCE_DIR=/opt/rustwide/workdir" "-e" "CARGO_TARGET_DIR=/opt/rustwide/target" "-e" "CARGO_HOME=/opt/rustwide/cargo-home" "-e" "RUSTUP_HOME=/opt/rustwide/rustup-home" "-w" "/opt/rustwide/workdir" "-m" "1610612736" "--user" "0:0" "--network" "none" "rustops/crates-build-env@sha256:d92eaeed33fa75130ca1ee6c8a01d1ffb62bac859dfdfb3450e3e5d1c0146529" "/opt/rustwide/cargo-home/bin/cargo" "+af3c6e733a40e671550e0f0f5aeecaa13772ba56" "metadata" "--no-deps" "--format-version=1", kill_on_drop: false }`
[INFO] [stdout] 6fe59304386b43e27da24be0cd22bc242999ab1919fece9442e4577a0f29962e
[INFO] [stderr] WARNING: Your kernel does not support swap limit capabilities or the cgroup is not mounted. Memory limited without swap.
[INFO] running `Command { std: "docker" "start" "-a" "6fe59304386b43e27da24be0cd22bc242999ab1919fece9442e4577a0f29962e", kill_on_drop: false }`
[INFO] running `Command { std: "docker" "inspect" "6fe59304386b43e27da24be0cd22bc242999ab1919fece9442e4577a0f29962e", kill_on_drop: false }`
[INFO] running `Command { std: "docker" "rm" "-f" "6fe59304386b43e27da24be0cd22bc242999ab1919fece9442e4577a0f29962e", kill_on_drop: false }`
[INFO] [stdout] 6fe59304386b43e27da24be0cd22bc242999ab1919fece9442e4577a0f29962e
[INFO] running `Command { std: "docker" "create" "-v" "/var/lib/crater-agent-workspace/builds/worker-1/target:/opt/rustwide/target:rw,Z" "-v" "/var/lib/crater-agent-workspace/builds/worker-1/source:/opt/rustwide/workdir:ro,Z" "-v" "/var/lib/crater-agent-workspace/cargo-home:/opt/rustwide/cargo-home:ro,Z" "-v" "/var/lib/crater-agent-workspace/rustup-home:/opt/rustwide/rustup-home:ro,Z" "-e" "SOURCE_DIR=/opt/rustwide/workdir" "-e" "CARGO_TARGET_DIR=/opt/rustwide/target" "-e" "CARGO_INCREMENTAL=0" "-e" "RUST_BACKTRACE=full" "-e" "RUSTFLAGS=--cap-lints=forbid" "-e" "CARGO_HOME=/opt/rustwide/cargo-home" "-e" "RUSTUP_HOME=/opt/rustwide/rustup-home" "-w" "/opt/rustwide/workdir" "-m" "1610612736" "--user" "0:0" "--network" "none" "rustops/crates-build-env@sha256:d92eaeed33fa75130ca1ee6c8a01d1ffb62bac859dfdfb3450e3e5d1c0146529" "/opt/rustwide/cargo-home/bin/cargo" "+af3c6e733a40e671550e0f0f5aeecaa13772ba56" "check" "--frozen" "--all" "--all-targets" "--message-format=json", kill_on_drop: false }`
[INFO] [stderr] WARNING: Your kernel does not support swap limit capabilities or the cgroup is not mounted. Memory limited without swap.
[INFO] [stdout] a74d78a49ce1b7e84e5fb8f69cca0612a71c48b1b893c2bbaf64d2e747f3181f
[INFO] running `Command { std: "docker" "start" "-a" "a74d78a49ce1b7e84e5fb8f69cca0612a71c48b1b893c2bbaf64d2e747f3181f", kill_on_drop: false }`
[INFO] [stderr]     Checking second-stack v0.2.1
[INFO] [stderr]     Checking testdrop v0.1.2
[INFO] [stdout] error[E0308]: mismatched types
[INFO] [stdout]    --> /opt/rustwide/cargo-home/registry/src/github.com-1ecc6299db9ec823/second-stack-0.2.1/src/lib.rs:110:17
[INFO] [stdout]     |
[INFO] [stdout] 110 |                 bottom,
[INFO] [stdout]     |                 ^^^^^^ expected `u8`, found slice `[u8]`
[INFO] [stdout]     |
[INFO] [stdout]     = note: expected raw pointer `*mut u8`
[INFO] [stdout]                found raw pointer `*mut [u8]`
[INFO] [stdout] 
[INFO] [stdout] 
[INFO] [stdout] error[E0308]: mismatched types
[INFO] [stdout]    --> /opt/rustwide/cargo-home/registry/src/github.com-1ecc6299db9ec823/second-stack-0.2.1/src/lib.rs:111:26
[INFO] [stdout]     |
[INFO] [stdout] 111 |                 current: bottom,
[INFO] [stdout]     |                          ^^^^^^ expected `u8`, found slice `[u8]`
[INFO] [stdout]     |
[INFO] [stdout]     = note: expected raw pointer `*mut u8`
[INFO] [stdout]                found raw pointer `*mut [u8]`
[INFO] [stdout] 
[INFO] [stdout] 
[INFO] [stdout] error[E0277]: the size for values of type `[u8]` cannot be known at compilation time
[INFO] [stdout]    --> /opt/rustwide/cargo-home/registry/src/github.com-1ecc6299db9ec823/second-stack-0.2.1/src/lib.rs:112:29
[INFO] [stdout]     |
[INFO] [stdout] 112 |                 top: bottom.add(layout.size()),
[INFO] [stdout]     |                             ^^^ doesn't have a size known at compile-time
[INFO] [stdout]     |
[INFO] [stdout]     = help: the trait `Sized` is not implemented for `[u8]`
[INFO] [stdout] 
[INFO] [stdout] 
[INFO] [stdout] error[E0308]: mismatched types
[INFO] [stdout]    --> /opt/rustwide/cargo-home/registry/src/github.com-1ecc6299db9ec823/second-stack-0.2.1/src/lib.rs:112:22
[INFO] [stdout]     |
[INFO] [stdout] 112 |                 top: bottom.add(layout.size()),
[INFO] [stdout]     |                      ^^^^^^^^^^^^^^^^^^^^^^^^^ expected `u8`, found slice `[u8]`
[INFO] [stdout]     |
[INFO] [stdout]     = note: expected raw pointer `*mut u8`
[INFO] [stdout]                found raw pointer `*mut [u8]`
[INFO] [stdout] 
[INFO] [stdout] 
[INFO] [stdout] error: aborting due to 4 previous errors
[INFO] [stdout] 
[INFO] [stdout] 
[INFO] [stdout] Some errors have detailed explanations: E0277, E0308.
[INFO] [stdout] 
[INFO] [stdout] For more information about an error, try `rustc --explain E0277`.
[INFO] [stdout] 
[INFO] [stderr] error: could not compile `second-stack`.
[INFO] [stderr] 
[INFO] [stderr] To learn more, run the command again with --verbose.
[INFO] running `Command { std: "docker" "inspect" "a74d78a49ce1b7e84e5fb8f69cca0612a71c48b1b893c2bbaf64d2e747f3181f", kill_on_drop: false }`
[INFO] running `Command { std: "docker" "rm" "-f" "a74d78a49ce1b7e84e5fb8f69cca0612a71c48b1b893c2bbaf64d2e747f3181f", kill_on_drop: false }`
[INFO] [stdout] a74d78a49ce1b7e84e5fb8f69cca0612a71c48b1b893c2bbaf64d2e747f3181f
